{"id":151,"date":"2019-01-13T12:33:21","date_gmt":"2019-01-13T11:33:21","guid":{"rendered":"http:\/\/www.kirafranch.com\/?page_id=151"},"modified":"2022-10-03T15:59:03","modified_gmt":"2022-10-03T13:59:03","slug":"especialidades","status":"publish","type":"page","link":"https:\/\/www.kirafranch.com\/es\/especialidades\/","title":{"rendered":"Especialidades"},"content":{"rendered":"<div class=\"wpb-content-wrapper\"><p>[vc_row css_animation=\u00bbelement_from_fade\u00bb row_type=\u00bbrow\u00bb use_row_as_full_screen_section=\u00bbno\u00bb type=\u00bbgrid\u00bb angled_section=\u00bbno\u00bb text_align=\u00bbleft\u00bb background_image_as_pattern=\u00bbwithout_pattern\u00bb el_class=\u00bbwelcome\u00bb z_index=\u00bb\u00bb][vc_column][vc_column_text]<strong>Bienvenidos<\/strong> a un nuevo espacio de <strong>odontolog\u00eda integrativa y personalizada<\/strong> donde tu salud es nuestra prioridad[\/vc_column_text][\/vc_column][\/vc_row][vc_row css_animation=\u00bbelement_from_fade\u00bb row_type=\u00bbrow\u00bb use_row_as_full_screen_section=\u00bbno\u00bb type=\u00bbgrid\u00bb angled_section=\u00bbno\u00bb text_align=\u00bbleft\u00bb background_image_as_pattern=\u00bbwithout_pattern\u00bb z_index=\u00bb\u00bb][vc_column][vc_column_text el_class=\u00bbsection_title\u00bb]<\/p>\n<h1 style=\"text-align: center;\">Cl\u00ednica dental Kira Franch<\/h1>\n<h2 style=\"text-align: center;\">Nuestros tratamientos<\/h2>\n<p style=\"text-align: center;\">\u201cLa salud es la mayor posesi\u00f3n. La alegr\u00eda es el mayor tesoro. La confianza es el mayor amigo\u00bb<\/p>\n<p style=\"text-align: center;\"><em>Lao Tzu<\/em><\/p>\n<p>[\/vc_column_text][\/vc_column][\/vc_row][vc_row css_animation=\u00bbelement_from_fade\u00bb row_type=\u00bbrow\u00bb use_row_as_full_screen_section=\u00bbno\u00bb type=\u00bbgrid\u00bb angled_section=\u00bbno\u00bb text_align=\u00bbleft\u00bb background_image_as_pattern=\u00bbwithout_pattern\u00bb background_color=\u00bb#f8f8f8&#8243; padding_top=\u00bb60&#8243; padding_bottom=\u00bb40&#8243; z_index=\u00bb\u00bb][vc_column width=\u00bb5\/12&#8243; el_class=\u00bbespecialitats_img\u00bb][vc_single_image image=\u00bb385&#8243; img_size=\u00bbfull\u00bb alignment=\u00bbcenter\u00bb qode_css_animation=\u00bb\u00bb][vc_separator type=\u00bbtransparent\u00bb up=\u00bb50&#8243;][vc_single_image image=\u00bb2478&#8243; img_size=\u00bbfull\u00bb alignment=\u00bbcenter\u00bb qode_css_animation=\u00bb\u00bb][vc_separator type=\u00bbtransparent\u00bb up=\u00bb50&#8243;][vc_single_image image=\u00bb389&#8243; img_size=\u00bbfull\u00bb alignment=\u00bbcenter\u00bb qode_css_animation=\u00bb\u00bb][vc_separator type=\u00bbtransparent\u00bb up=\u00bb50&#8243;][vc_single_image image=\u00bb486&#8243; img_size=\u00bbfull\u00bb alignment=\u00bbcenter\u00bb qode_css_animation=\u00bb\u00bb][vc_separator type=\u00bbtransparent\u00bb up=\u00bb50&#8243;][vc_single_image image=\u00bb491&#8243; img_size=\u00bbfull\u00bb alignment=\u00bbcenter\u00bb qode_css_animation=\u00bb\u00bb][vc_separator type=\u00bbtransparent\u00bb up=\u00bb50&#8243;][vc_video link=\u00bbhttps:\/\/www.youtube.com\/watch?v=24Qpm1W6dg0&#8243; align=\u00bbcenter\u00bb][vc_separator type=\u00bbtransparent\u00bb up=\u00bb50&#8243;][vc_single_image image=\u00bb2347&#8243; img_size=\u00bbfull\u00bb alignment=\u00bbcenter\u00bb qode_css_animation=\u00bb\u00bb][vc_separator type=\u00bbtransparent\u00bb up=\u00bb50&#8243;][vc_single_image image=\u00bb813&#8243; img_size=\u00bbfull\u00bb alignment=\u00bbcenter\u00bb qode_css_animation=\u00bb\u00bb][vc_separator type=\u00bbtransparent\u00bb up=\u00bb50&#8243;][vc_single_image image=\u00bb492&#8243; img_size=\u00bbfull\u00bb alignment=\u00bbcenter\u00bb qode_css_animation=\u00bb\u00bb][vc_separator type=\u00bbtransparent\u00bb up=\u00bb50&#8243;][\/vc_column][vc_column width=\u00bb7\/12&#8243;][vc_column_text el_class=\u00bbespecialitats\u00bb]<\/p>\n<h3>Odontolog\u00eda restauradora y conservadora<\/h3>\n<p><strong>Obturaciones<\/strong><br \/>\nRealizamos tratamientos para detener y curar las caries dentales. Utilizamos materiales de alta calidad para ofrecer resultados duraderos. Aplicamos odontolog\u00eda m\u00ednimamente invasiva con las t\u00e9cnicas m\u00e1s seguras.<\/p>\n<p><strong>Endodoncia<\/strong><br \/>\nTratamos las afecciones de la pulpa dental (nervio) con tecnolog\u00eda de ultima generaci\u00f3n y de manera indolora. Gracias al sistema Reciproc de instrumentaci\u00f3n mec\u00e1nica podemos garantizar la m\u00e1xima protecci\u00f3n y eficacia de los tratamientos.[\/vc_column_text][vc_column_text el_class=\u00bbespecialitats\u00bb]<\/p>\n<h3>Higiene bucodental<\/h3>\n<p>Como pauta de mejora de la calidad de vida, recomendamos realizar una limpieza una vez al a\u00f1o o cada seis meses porque, hoy en d\u00eda, muchos estudios relacionan la mala higiene oral con enfermedades sist\u00e9micas. Problemas como el mal sabor de boca o la halitosis (mal aliento) se pueden solucionar f\u00e1cilmente realizando higienes de manera peri\u00f3dica. Ofrecemos formaci\u00f3n en higiene oral a todos nuestros pacientes y recomendamos los utensilios m\u00e1s apropiados en cada caso.[\/vc_column_text][vc_column_text el_class=\u00bbespecialitats\u00bb]<\/p>\n<h3>Periodoncia<\/h3>\n<p>Las enfermedades de las enc\u00edas y del hueso que soporta los dientes se tienen que detectar a tiempo para poder llevar a cabo las actuaciones necesarias y de esta manera, controlar la patolog\u00eda a largo plazo. Es muy importante la detecci\u00f3n de factores de riesgo como el tabaco y la mala higiene oral y la realizaci\u00f3n de un diagn\u00f3stico precoz. Hoy en d\u00eda muchos estudios relacionan los problemas periodontales con enfermedades sist\u00e9micas.[\/vc_column_text][vc_column_text el_class=\u00bbespecialitats\u00bb]<\/p>\n<h3>Cirug\u00eda bucal e implantes<\/h3>\n<p>Utilizamos la tecnolog\u00eda m\u00e1s avanzada para preservar el tejido \u00f3seo natural y estudiamos con detenimiento cada caso para ofrecer la soluci\u00f3n que mejor se adapte a cada necesidad. Trabajamos con implantes de alta calidad y ofrecemos garant\u00eda total en nuestros tratamientos.[\/vc_column_text][vc_column_text el_class=\u00bbespecialitats\u00bb]<\/p>\n<h3>Pr\u00f3tesis<\/h3>\n<p>Utilizamos el sistema CAD-CAM y materiales biocompatibles. Nuestras pr\u00f3tesis son altamente funcionales y muy est\u00e9ticas. Dise\u00f1amos todo tipo de pr\u00f3tesis: removibles, fijas sobre piezas naturales, fijas o removibles sobre implantes, etc. Siempre tenemos en cuenta las necesidades de cada paciente estando al d\u00eda en las t\u00e9cnicas m\u00e1s novedosas.<\/p>\n<p><strong>Servicio expr\u00e9s de reparaciones de pr\u00f3tesis dentales: <\/strong>entendemos la importancia que tiene repararlas r\u00e1pidamente para minimizar los inconvenientes funcionales y est\u00e9ticos.[\/vc_column_text][vc_column_text el_class=\u00bbespecialitats\u00bb]<\/p>\n<h3>Odontolog\u00eda est\u00e9tica<\/h3>\n<p>S\u00f3lo hay una oportunidad para ofrecer una buena primera impresi\u00f3n. La est\u00e9tica bucal es fundamental para nuestra vida social y adem\u00e1s influye en la autoestima. Por eso dedicamos toda nuestra atenci\u00f3n a la odontolog\u00eda est\u00e9tica realizando tratamientos como carillas de cer\u00e1mica, blanqueamientos y dise\u00f1o de la sonrisa.[\/vc_column_text][vc_column_text el_class=\u00bbespecialitats\u00bb]<\/p>\n<h3>Odontolog\u00eda pedi\u00e1trica y del beb\u00e9<\/h3>\n<p>La salud bucodental de los ni\u00f1os es una de nuestras prioridades. Ofrecemos sesiones formativas de higiene bucal de manera totalmente gratuita para que los ni\u00f1os aprendan a cuidar de sus dientes. Velamos para que se sientan bien acogidos mientras realizamos el tratamiento que requieran: obturaciones, pulpotom\u00edas, fluorizaciones, etc.<br \/>\nHemos incorporado la Odontolog\u00eda del bebe dada la importancia que tiene en el desarrollo de los maxilares el tipo de chupete, de biber\u00f3n, los h\u00e1bitos, etc. Aconsejamos a los padres en todo lo que est\u00e9 relacionado.[\/vc_column_text][vc_column_text el_class=\u00bbespecialitats\u00bb]<\/p>\n<h3>Ortodoncia<\/h3>\n<p>Ofrecemos tratamientos ortod\u00f3nticos de \u00faltima generaci\u00f3n con la tecnolog\u00eda m\u00e1s innovadora. Nuestra ortodoncista estudia el problema de cada paciente y recomienda el sistema m\u00e1s adecuado para conseguir el mejor resultado: brackets est\u00e9ticos, brackets auto-ligados o la ortodoncia invisible Invisalign. El sistema Invisalign es un tratamiento muy innovador que permite alinear los dientes de manera c\u00f3moda, transparente y removible.[\/vc_column_text][vc_column_text el_class=\u00bbespecialitats\u00bb]<\/p>\n<h3>Fisioterapia<\/h3>\n<p>Nuestra \u00e1rea de fisioterapia est\u00e1 enfocada tanto a tratamientos para bruxismo (apretar los dientes) y sus consecuencias: contracturas musculares (cervicales y lumbares) y alteraciones de la articulaci\u00f3n temporomandibular (ATM), como tratamientos de afectaciones al resto del cuerpo (lesiones deportivas, lumbalgias, dolores cr\u00f3nicos, menstruaciones dolorosas, migra\u00f1as, etc.)<\/p>\n<p>Le damos m\u00e1xima importancia a la relaci\u00f3n existente entre las diferentes alteraciones posturales de la columna vertebral con la mala posici\u00f3n dentaria (Odontoposturolog\u00eda). Una falta de correcci\u00f3n en la postura har\u00e1 que nuestros tratamientos (ortodoncia) recidiven.<\/p>\n<p>Hemos incorporado la Fisioterapia del embarazo orientada a reforzar y flexibilizar la musculatura de la pelvis.[\/vc_column_text][vc_column_text el_class=\u00bbespecialitats\u00bb]<\/p>\n<h3>Psiconeuroimmunolog\u00eda<\/h3>\n<p>Es la ciencia que estudia los desequilibrios y las alteraciones de la salud teniendo en cuenta la interrelaci\u00f3n entre las emociones, el sistema nervioso, el sistema inmune y el sistema hormonal. Cuerpo y mente van de la mano para poder vivir en un correcto estado de salud. Indicado en trastornos como: problemas digestivos, dolores menstruales, ovarios poliqu\u00edsticos, alergias, fibromialgia, ansiedad, migra\u00f1as, etc.[\/vc_column_text][vc_column_text el_class=\u00bbespecialitats\u00bb]<\/p>\n<h3>Est\u00e9tica M\u00e9dica Facial y corporal<\/h3>\n<p>Gracias a la radiofrecuencia se estimulan los tejidos cut\u00e1neos y se reparan. Se trata de un tratamiento no invasivo y muy agradable basado en la generaci\u00f3n de un campo electromagn\u00e9tico que restaura los tejidos cut\u00e1neos gracias a la producci\u00f3n de nuevas fibras de col\u00e1geno. Los resultados son claramente visibles: un efecto lifting inmediato que mejora progresivamente.[\/vc_column_text][vc_column_text el_class=\u00bbespecialitats\u00bb]<\/p>\n<h3>Ortopantomograf\u00eda<\/h3>\n<p>Im\u00e1genes radiogr\u00e1ficas de toda la boca de alta calidad. Gracias a este equipamiento, nuestros pacientes no tienen que desplazarse y podemos obtener c\u00f3modamente im\u00e1genes bucales desde cualquier perspectiva.[\/vc_column_text][vc_column_text el_class=\u00bbespecialitats\u00bb]<\/p>\n<h3>Sedaci\u00f3n consciente<\/h3>\n<p>Esta t\u00e9cnica permite a los pacientes con ansiedad afrontar el tratamiento de una manera relajada y con un buen recuerdo del proceso. Es muy importante que el paciente viva su tratamiento de manera positiva. Durante toda la intervenci\u00f3n, nuestros pacientes son atendidos por un anestesista que realiza la sedaci\u00f3n y posterior monitorizaci\u00f3n.[\/vc_column_text][\/vc_column][\/vc_row][vc_row css_animation=\u00bbelement_from_fade\u00bb row_type=\u00bbrow\u00bb use_row_as_full_screen_section=\u00bbno\u00bb type=\u00bbfull_width\u00bb angled_section=\u00bbno\u00bb text_align=\u00bbleft\u00bb background_image_as_pattern=\u00bbwithout_pattern\u00bb z_index=\u00bb\u00bb el_class=\u00bbohana\u00bb][vc_column]<div class=\"q_image_with_text_over\"><div class=\"shader\" ><\/div><img decoding=\"async\" itemprop=\"image\" src=\"https:\/\/www.kirafranch.com\/wp-content\/uploads\/2019\/01\/bgchico-1.jpg\" alt=\"\" \/><div class=\"text\"><table><tr><td><h3 class=\"caption no_icon\" style=\"\"><\/h3><\/td><\/tr><\/table><table><tr><td><div class=\"desc\"><\/p>\n<h5 style=\"text-align: center;\">Ohana, somriures pel m\u00f3n<\/h5>\n<p style=\"text-align: center;\">Colaboramos en proyectos sociales ofreciendo nuestros servicios de manera altruista a las personas de Poliny\u00e0 en riesgo de exclusi\u00f3n social y realizamos voluntariados en diferentes pa\u00edses donde la atenci\u00f3n bucodental no est\u00e1 al alcance de todos, como Senegal, Ghana, Camer\u00fan, Rwanda, Uganda y Malawi.<\/p>\n<p><\/div><\/td><\/tr><\/table><\/div><\/div>[\/vc_column][\/vc_row]<\/p>\n<\/div>","protected":false},"excerpt":{"rendered":"<p>[vc_row css_animation=\u00bbelement_from_fade\u00bb row_type=\u00bbrow\u00bb use_row_as_full_screen_section=\u00bbno\u00bb type=\u00bbgrid\u00bb angled_section=\u00bbno\u00bb text_align=\u00bbleft\u00bb background_image_as_pattern=\u00bbwithout_pattern\u00bb el_class=\u00bbwelcome\u00bb z_index=\u00bb\u00bb][vc_column][vc_column_text]Bienvenidos a un nuevo espacio de odontolog\u00eda integrativa y personalizada donde tu salud es nuestra prioridad[\/vc_column_text][\/vc_column][\/vc_row][vc_row css_animation=\u00bbelement_from_fade\u00bb row_type=\u00bbrow\u00bb use_row_as_full_screen_section=\u00bbno\u00bb type=\u00bbgrid\u00bb angled_section=\u00bbno\u00bb&#8230;<\/p>\n","protected":false},"author":1,"featured_media":0,"parent":0,"menu_order":0,"comment_status":"closed","ping_status":"closed","template":"full_width.php","meta":{"footnotes":""},"class_list":["post-151","page","type-page","status-publish","hentry"],"_links":{"self":[{"href":"https:\/\/www.kirafranch.com\/es\/wp-json\/wp\/v2\/pages\/151","targetHints":{"allow":["GET"]}}],"collection":[{"href":"https:\/\/www.kirafranch.com\/es\/wp-json\/wp\/v2\/pages"}],"about":[{"href":"https:\/\/www.kirafranch.com\/es\/wp-json\/wp\/v2\/types\/page"}],"author":[{"embeddable":true,"href":"https:\/\/www.kirafranch.com\/es\/wp-json\/wp\/v2\/users\/1"}],"replies":[{"embeddable":true,"href":"https:\/\/www.kirafranch.com\/es\/wp-json\/wp\/v2\/comments?post=151"}],"version-history":[{"count":37,"href":"https:\/\/www.kirafranch.com\/es\/wp-json\/wp\/v2\/pages\/151\/revisions"}],"predecessor-version":[{"id":2480,"href":"https:\/\/www.kirafranch.com\/es\/wp-json\/wp\/v2\/pages\/151\/revisions\/2480"}],"wp:attachment":[{"href":"https:\/\/www.kirafranch.com\/es\/wp-json\/wp\/v2\/media?parent=151"}],"curies":[{"name":"wp","href":"https:\/\/api.w.org\/{rel}","templated":true}]}}

<div class="wpb-content-wrapper"><p>[vc_row css_animation=»element_from_fade» row_type=»row» use_row_as_full_screen_section=»no» type=»grid» angled_section=»no» text_align=»left» background_image_as_pattern=»without_pattern» el_class=»welcome» z_index=»»][vc_column][vc_column_text]<strong>Bienvenidos</strong> a un nuevo espacio de <strong>odontología integrativa y personalizada</strong> donde tu salud es nuestra prioridad[/vc_column_text][/vc_column][/vc_row][vc_row css_animation=»element_from_fade» row_type=»row» use_row_as_full_screen_section=»no» type=»grid» angled_section=»no» text_align=»left» background_image_as_pattern=»without_pattern» z_index=»»][vc_column][vc_column_text el_class=»section_title»]</p>
<h1 style="text-align: center;">Clínica dental Kira Franch</h1>
<h2 style="text-align: center;">Nuestros tratamientos</h2>
<p style="text-align: center;">“La salud es la mayor posesión. La alegría es el mayor tesoro. La confianza es el mayor amigo»</p>
<p style="text-align: center;"><em>Lao Tzu</em></p>
<p>[/vc_column_text][/vc_column][/vc_row][vc_row css_animation=»element_from_fade» row_type=»row» use_row_as_full_screen_section=»no» type=»grid» angled_section=»no» text_align=»left» background_image_as_pattern=»without_pattern» background_color=»#f8f8f8&#8243; padding_top=»60&#8243; padding_bottom=»40&#8243; z_index=»»][vc_column width=»5/12&#8243; el_class=»especialitats_img»][vc_single_image image=»385&#8243; img_size=»full» alignment=»center» qode_css_animation=»»][vc_separator type=»transparent» up=»50&#8243;][vc_single_image image=»2478&#8243; img_size=»full» alignment=»center» qode_css_animation=»»][vc_separator type=»transparent» up=»50&#8243;][vc_single_image image=»389&#8243; img_size=»full» alignment=»center» qode_css_animation=»»][vc_separator type=»transparent» up=»50&#8243;][vc_single_image image=»486&#8243; img_size=»full» alignment=»center» qode_css_animation=»»][vc_separator type=»transparent» up=»50&#8243;][vc_single_image image=»491&#8243; img_size=»full» alignment=»center» qode_css_animation=»»][vc_separator type=»transparent» up=»50&#8243;][vc_video link=»https://www.youtube.com/watch?v=24Qpm1W6dg0&#8243; align=»center»][vc_separator type=»transparent» up=»50&#8243;][vc_single_image image=»2347&#8243; img_size=»full» alignment=»center» qode_css_animation=»»][vc_separator type=»transparent» up=»50&#8243;][vc_single_image image=»813&#8243; img_size=»full» alignment=»center» qode_css_animation=»»][vc_separator type=»transparent» up=»50&#8243;][vc_single_image image=»492&#8243; img_size=»full» alignment=»center» qode_css_animation=»»][vc_separator type=»transparent» up=»50&#8243;][/vc_column][vc_column width=»7/12&#8243;][vc_column_text el_class=»especialitats»]</p>
<h3>Odontología restauradora y conservadora</h3>
<p><strong>Obturaciones</strong><br />
Realizamos tratamientos para detener y curar las caries dentales. Utilizamos materiales de alta calidad para ofrecer resultados duraderos. Aplicamos odontología mínimamente invasiva con las técnicas más seguras.</p>
<p><strong>Endodoncia</strong><br />
Tratamos las afecciones de la pulpa dental (nervio) con tecnología de ultima generación y de manera indolora. Gracias al sistema Reciproc de instrumentación mecánica podemos garantizar la máxima protección y eficacia de los tratamientos.[/vc_column_text][vc_column_text el_class=»especialitats»]</p>
<h3>Higiene bucodental</h3>
<p>Como pauta de mejora de la calidad de vida, recomendamos realizar una limpieza una vez al año o cada seis meses porque, hoy en día, muchos estudios relacionan la mala higiene oral con enfermedades sistémicas. Problemas como el mal sabor de boca o la halitosis (mal aliento) se pueden solucionar fácilmente realizando higienes de manera periódica. Ofrecemos formación en higiene oral a todos nuestros pacientes y recomendamos los utensilios más apropiados en cada caso.[/vc_column_text][vc_column_text el_class=»especialitats»]</p>
<h3>Periodoncia</h3>
<p>Las enfermedades de las encías y del hueso que soporta los dientes se tienen que detectar a tiempo para poder llevar a cabo las actuaciones necesarias y de esta manera, controlar la patología a largo plazo. Es muy importante la detección de factores de riesgo como el tabaco y la mala higiene oral y la realización de un diagnóstico precoz. Hoy en día muchos estudios relacionan los problemas periodontales con enfermedades sistémicas.[/vc_column_text][vc_column_text el_class=»especialitats»]</p>
<h3>Cirugía bucal e implantes</h3>
<p>Utilizamos la tecnología más avanzada para preservar el tejido óseo natural y estudiamos con detenimiento cada caso para ofrecer la solución que mejor se adapte a cada necesidad. Trabajamos con implantes de alta calidad y ofrecemos garantía total en nuestros tratamientos.[/vc_column_text][vc_column_text el_class=»especialitats»]</p>
<h3>Prótesis</h3>
<p>Utilizamos el sistema CAD-CAM y materiales biocompatibles. Nuestras prótesis son altamente funcionales y muy estéticas. Diseñamos todo tipo de prótesis: removibles, fijas sobre piezas naturales, fijas o removibles sobre implantes, etc. Siempre tenemos en cuenta las necesidades de cada paciente estando al día en las técnicas más novedosas.</p>
<p><strong>Servicio exprés de reparaciones de prótesis dentales: </strong>entendemos la importancia que tiene repararlas rápidamente para minimizar los inconvenientes funcionales y estéticos.[/vc_column_text][vc_column_text el_class=»especialitats»]</p>
<h3>Odontología estética</h3>
<p>Sólo hay una oportunidad para ofrecer una buena primera impresión. La estética bucal es fundamental para nuestra vida social y además influye en la autoestima. Por eso dedicamos toda nuestra atención a la odontología estética realizando tratamientos como carillas de cerámica, blanqueamientos y diseño de la sonrisa.[/vc_column_text][vc_column_text el_class=»especialitats»]</p>
<h3>Odontología pediátrica y del bebé</h3>
<p>La salud bucodental de los niños es una de nuestras prioridades. Ofrecemos sesiones formativas de higiene bucal de manera totalmente gratuita para que los niños aprendan a cuidar de sus dientes. Velamos para que se sientan bien acogidos mientras realizamos el tratamiento que requieran: obturaciones, pulpotomías, fluorizaciones, etc.<br />
Hemos incorporado la Odontología del bebe dada la importancia que tiene en el desarrollo de los maxilares el tipo de chupete, de biberón, los hábitos, etc. Aconsejamos a los padres en todo lo que esté relacionado.[/vc_column_text][vc_column_text el_class=»especialitats»]</p>
<h3>Ortodoncia</h3>
<p>Ofrecemos tratamientos ortodónticos de última generación con la tecnología más innovadora. Nuestra ortodoncista estudia el problema de cada paciente y recomienda el sistema más adecuado para conseguir el mejor resultado: brackets estéticos, brackets auto-ligados o la ortodoncia invisible Invisalign. El sistema Invisalign es un tratamiento muy innovador que permite alinear los dientes de manera cómoda, transparente y removible.[/vc_column_text][vc_column_text el_class=»especialitats»]</p>
<h3>Fisioterapia</h3>
<p>Nuestra área de fisioterapia está enfocada tanto a tratamientos para bruxismo (apretar los dientes) y sus consecuencias: contracturas musculares (cervicales y lumbares) y alteraciones de la articulación temporomandibular (ATM), como tratamientos de afectaciones al resto del cuerpo (lesiones deportivas, lumbalgias, dolores crónicos, menstruaciones dolorosas, migrañas, etc.)</p>
<p>Le damos máxima importancia a la relación existente entre las diferentes alteraciones posturales de la columna vertebral con la mala posición dentaria (Odontoposturología). Una falta de corrección en la postura hará que nuestros tratamientos (ortodoncia) recidiven.</p>
<p>Hemos incorporado la Fisioterapia del embarazo orientada a reforzar y flexibilizar la musculatura de la pelvis.[/vc_column_text][vc_column_text el_class=»especialitats»]</p>
<h3>Psiconeuroimmunología</h3>
<p>Es la ciencia que estudia los desequilibrios y las alteraciones de la salud teniendo en cuenta la interrelación entre las emociones, el sistema nervioso, el sistema inmune y el sistema hormonal. Cuerpo y mente van de la mano para poder vivir en un correcto estado de salud. Indicado en trastornos como: problemas digestivos, dolores menstruales, ovarios poliquísticos, alergias, fibromialgia, ansiedad, migrañas, etc.[/vc_column_text][vc_column_text el_class=»especialitats»]</p>
<h3>Estética Médica Facial y corporal</h3>
<p>Gracias a la radiofrecuencia se estimulan los tejidos cutáneos y se reparan. Se trata de un tratamiento no invasivo y muy agradable basado en la generación de un campo electromagnético que restaura los tejidos cutáneos gracias a la producción de nuevas fibras de colágeno. Los resultados son claramente visibles: un efecto lifting inmediato que mejora progresivamente.[/vc_column_text][vc_column_text el_class=»especialitats»]</p>
<h3>Ortopantomografía</h3>
<p>Imágenes radiográficas de toda la boca de alta calidad. Gracias a este equipamiento, nuestros pacientes no tienen que desplazarse y podemos obtener cómodamente imágenes bucales desde cualquier perspectiva.[/vc_column_text][vc_column_text el_class=»especialitats»]</p>
<h3>Sedación consciente</h3>
<p>Esta técnica permite a los pacientes con ansiedad afrontar el tratamiento de una manera relajada y con un buen recuerdo del proceso. Es muy importante que el paciente viva su tratamiento de manera positiva. Durante toda la intervención, nuestros pacientes son atendidos por un anestesista que realiza la sedación y posterior monitorización.[/vc_column_text][/vc_column][/vc_row][vc_row css_animation=»element_from_fade» row_type=»row» use_row_as_full_screen_section=»no» type=»full_width» angled_section=»no» text_align=»left» background_image_as_pattern=»without_pattern» z_index=»» el_class=»ohana»][vc_column]<div class="q_image_with_text_over"><div class="shader" ></div><img decoding="async" itemprop="image" src="https://www.kirafranch.com/wp-content/uploads/2019/01/bgchico-1.jpg" alt="" /><div class="text"><table><tr><td><h3 class="caption no_icon" style=""></h3></td></tr></table><table><tr><td><div class="desc"></p>
<h5 style="text-align: center;">Ohana, somriures pel món</h5>
<p style="text-align: center;">Colaboramos en proyectos sociales ofreciendo nuestros servicios de manera altruista a las personas de Polinyà en riesgo de exclusión social y realizamos voluntariados en diferentes países donde la atención bucodental no está al alcance de todos, como Senegal, Ghana, Camerún, Rwanda, Uganda y Malawi.</p>
<p></div></td></tr></table></div></div>[/vc_column][/vc_row]</p>
</div>

<p>[vc_row css_animation=»element_from_fade» row_type=»row» use_row_as_full_screen_section=»no» type=»grid» angled_section=»no» text_align=»left» background_image_as_pattern=»without_pattern» el_class=»welcome» z_index=»»][vc_column][vc_column_text]Bienvenidos a un nuevo espacio de odontología integrativa y personalizada donde tu salud es nuestra prioridad[/vc_column_text][/vc_column][/vc_row][vc_row css_animation=»element_from_fade» row_type=»row» use_row_as_full_screen_section=»no» type=»grid» angled_section=»no»&#8230;</p>
